{"id":5186,"date":"2022-02-05T16:00:07","date_gmt":"2022-02-05T16:00:07","guid":{"rendered":"https:\/\/praca.nowiny.pl\/news\/?page_id=5186"},"modified":"2022-02-12T17:20:04","modified_gmt":"2022-02-12T17:20:04","slug":"slider","status":"publish","type":"page","link":"https:\/\/praca.nowiny.pl\/news\/slider\/","title":{"rendered":"Slider"},"content":{"rendered":"<p>[et_pb_section fb_built=&#8221;1&#8243; _builder_version=&#8221;4.14.7&#8243; _module_preset=&#8221;default&#8221; custom_margin=&#8221;0px|0px|0px|0px|false|false&#8221; custom_padding=&#8221;0px|0px|0px|0px|false|false&#8221; global_colors_info=&#8221;{}&#8221;][et_pb_row _builder_version=&#8221;4.14.7&#8243; _module_preset=&#8221;default&#8221; width=&#8221;100%&#8221; max_width=&#8221;100%&#8221; custom_margin=&#8221;0px|0px|0px|0px|false|false&#8221; custom_padding=&#8221;0px|0px|0px|0px|false|false&#8221; global_colors_info=&#8221;{}&#8221;][et_pb_column type=&#8221;4_4&#8243; _builder_version=&#8221;4.14.7&#8243; _module_preset=&#8221;default&#8221; global_colors_info=&#8221;{}&#8221;][et_pb_slider _builder_version=&#8221;4.14.7&#8243; _module_preset=&#8221;default&#8221; max_width=&#8221;1140px&#8221; module_alignment=&#8221;center&#8221; content_max_width=&#8221;100%&#8221; custom_margin=&#8221;||||false|false&#8221; custom_padding=&#8221;||||false|false&#8221; hover_enabled=&#8221;0&#8243; global_colors_info=&#8221;{}&#8221; sticky_enabled=&#8221;0&#8243;][et_pb_slide heading=&#8221;Znajd\u017a prac\u0119 idealn\u0105 dla siebie&#8221; use_bg_overlay=&#8221;off&#8221; use_text_overlay=&#8221;off&#8221; _builder_version=&#8221;4.14.7&#8243; _module_preset=&#8221;default&#8221; header_font=&#8221;|600|||||||&#8221; header_font_size=&#8221;38px&#8221; background_color=&#8221;#FFFFFF&#8221; background_enable_color=&#8221;on&#8221; background_image=&#8221;https:\/\/praca.nowiny.pl\/news\/wp-content\/uploads\/2022\/02\/banner-2-bg.jpg&#8221; background_enable_image=&#8221;on&#8221; background_size=&#8221;initial&#8221; background_position=&#8221;bottom_center&#8221; text_orientation=&#8221;left&#8221; background_layout=&#8221;light&#8221; width=&#8221;50%&#8221; width_tablet=&#8221;100%&#8221; width_phone=&#8221;100%&#8221; width_last_edited=&#8221;on|desktop&#8221; max_width=&#8221;100%&#8221; custom_padding=&#8221;70px|0px|180px|0px|false|false&#8221; custom_padding_tablet=&#8221;||||false|false&#8221; custom_padding_phone=&#8221;||||false|false&#8221; custom_padding_last_edited=&#8221;on|phone&#8221; hover_enabled=&#8221;0&#8243; custom_css_main_element=&#8221;background-position: center -230px !important;&#8221; custom_css_slide_container=&#8221;margin: 0;||&#8221; global_colors_info=&#8221;{}&#8221; custom_css_main_element_last_edited=&#8221;on|desktop&#8221; custom_css_main_element_tablet=&#8221;background-position: center -200px !important;&#8221; custom_css_main_element_phone=&#8221;background-position: center -170px !important;&#8221; sticky_transition=&#8221;on&#8221; custom_css_slide_description=&#8221;animation-name: none;&#8221; sticky_enabled=&#8221;0&#8243;]<\/p>\n<p class=\"d-none d-sm-block\">Utw\u00f3rz darmowe konto i przeszukuj setki ofert pracy. Przegl\u0105daj r\u00f3wnie\u017c wizyt\u00f3wki pracodawc\u00f3w i czytaj najnowsze newsy z rynku pracy.<\/p>\n<p>[\/et_pb_slide][\/et_pb_slider][\/et_pb_column][\/et_pb_row][\/et_pb_section]<\/p>\n","protected":false},"excerpt":{"rendered":"<p>Utw\u00f3rz darmowe konto i przeszukuj setki ofert pracy. Przegl\u0105daj r\u00f3wnie\u017c wizyt\u00f3wki pracodawc\u00f3w i czytaj najnowsze newsy z rynku pracy.<\/p>\n","protected":false},"author":1,"featured_media":0,"parent":0,"menu_order":0,"comment_status":"closed","ping_status":"closed","template":"page-template-blank.php","meta":{"_et_pb_use_builder":"on","_et_pb_old_content":"","_et_gb_content_width":"","footnotes":""},"class_list":["post-5186","page","type-page","status-publish","hentry"],"_links":{"self":[{"href":"https:\/\/praca.nowiny.pl\/news\/wp-json\/wp\/v2\/pages\/5186","targetHints":{"allow":["GET"]}}],"collection":[{"href":"https:\/\/praca.nowiny.pl\/news\/wp-json\/wp\/v2\/pages"}],"about":[{"href":"https:\/\/praca.nowiny.pl\/news\/wp-json\/wp\/v2\/types\/page"}],"author":[{"embeddable":true,"href":"https:\/\/praca.nowiny.pl\/news\/wp-json\/wp\/v2\/users\/1"}],"replies":[{"embeddable":true,"href":"https:\/\/praca.nowiny.pl\/news\/wp-json\/wp\/v2\/comments?post=5186"}],"version-history":[{"count":19,"href":"https:\/\/praca.nowiny.pl\/news\/wp-json\/wp\/v2\/pages\/5186\/revisions"}],"predecessor-version":[{"id":5435,"href":"https:\/\/praca.nowiny.pl\/news\/wp-json\/wp\/v2\/pages\/5186\/revisions\/5435"}],"wp:attachment":[{"href":"https:\/\/praca.nowiny.pl\/news\/wp-json\/wp\/v2\/media?parent=5186"}],"curies":[{"name":"wp","href":"https:\/\/api.w.org\/{rel}","templated":true}]}}